{"id":253,"date":"2022-03-12T22:50:04","date_gmt":"2022-03-12T21:50:04","guid":{"rendered":"https:\/\/bergo-tim.rs\/novisajt\/?post_type=product&#038;p=253"},"modified":"2024-11-08T21:26:41","modified_gmt":"2024-11-08T20:26:41","slug":"kulmin-tmr-vital-c017","status":"publish","type":"product","link":"https:\/\/bergo-tim.rs\/novisajt\/products\/kulmin-tmr-vital-c017\/","title":{"rendered":"KULMIN TMR Vital C017"},"content":{"rendered":"<div class=\"accordion\"><div class=\"mfn-acc accordion_wrapper  openAll\"><div class=\"question\"><div class=\"title\"><i class=\"icon-plus acc-icon-plus\" aria-hidden=\"true\"><\/i><i class=\"icon-minus acc-icon-minus\" aria-hidden=\"true\"><\/i>Informacije<\/div><div class=\"answer\"><\/p>\n<p>Vitaminsko-mineralni premiks za mle\u010dne krave i junice. Zadovoljava sve osnovne potrebe \u017eivotinja sa potencijalom za visoku proizvodnju mleka. Podr\u017eava odbrambeni sistem organizma, fizi\u010dku kondiciju i plodnost.<\/p>\n<p>Proizvod sadr\u017ei:<\/p>\n<ul>\n<li>Visoko kvalitetne i usvojive izvore potrebnih vitamina i minerala<\/li>\n<li>Vi\u0161e od uobi\u010dajenih koli\u010dina fosfora i vitamina E (prilago\u0111eno na\u0161im uslovima ishrane)<\/li>\n<li>B-kompleks vitamina za bolji razvoj mikroflore buraga<\/li>\n<li>Biotin neophodan za zdravlje i razvoj ro\u017eine papaka<\/li>\n<li>Bura\u017eno za\u0161ti\u0107en selen<\/li>\n<li>Prirodne antioksidante za ja\u010danje otpornosti \u017eivotinje<\/li>\n<\/ul>\n<p><strong>Koli\u010dina u dnevnom obroku po \u017eivotinji: <\/strong>100-200g po \u017eivotinji<\/p>\n<p><strong>Prose\u010dno u\u010de\u0161\u0107e u koncentratu:<\/strong> 2,5%, u zavisnosti od tehnologije ishrane na farmi i zahteva proizvodnje.<\/p>\n<div>\n<table>\n<tbody>\n<tr>\n<th>\u0160ifra proizvoda<\/th>\n<th>Pakovanje<\/th>\n<\/tr>\n<tr>\n<td>C017<\/td>\n<td>d\u017eak 25 kg<\/td>\n<\/tr>\n<\/tbody>\n<\/table>\n<p>&nbsp;<\/p>\n<p><\/div><\/div>\n<\/div><\/div>\n\n<div class=\"accordion\"><div class=\"mfn-acc accordion_wrapper  openAll\"><div class=\"question\"><div class=\"title\"><i class=\"icon-plus acc-icon-plus\" aria-hidden=\"true\"><\/i><i class=\"icon-minus acc-icon-minus\" aria-hidden=\"true\"><\/i>Kompleks aktivnih sastojaka<\/div><div class=\"answer\"><\/p>\n<div>\n<div data-container=\"1____860___\">\n<h3><img decoding=\"async\" title=\"SECUSEduo\" src=\"https:\/\/bergo-tim.rs\/novisajt\/wordpress\/wp-content\/uploads\/2015\/11\/secuse-duo.png\" alt=\"SECUSEduo\" border=\"0\" \/><\/h3>\n<div class=\"subcol\">\n<div><strong>Savr\u0161en selen za krave muzare<\/strong><br \/>\nSavr\u0161ena kombinacija rumen- za\u0161tic\u0301enog\u00a0i raspolo\u017eivog selena,\u00a0pobolj\u0161ava dostupnost i apsorpciju vi\u0161ka selena u organizmu.<br \/>\n<a class=\"modalizer_link\" href=\"http:\/\/www.bergophor.de\/index.php?option=com_content&amp;view=article&amp;id=641&amp;tmpl=component&amp;page=&amp;lang=en&amp;ml=1\" rel=\"{handler:'iframe'}\">vi\u0161e informacija<\/a><\/div>\n<\/div>\n<\/div>\n<div class=\"subcol\"><\/div>\n<\/div>\n<p><\/div><\/div>\n<\/div><\/div>\n\n<\/div>\n","protected":false},"excerpt":{"rendered":"<p><strong>Premiks za bazi\u010dnu ishranu mle\u010dnih krava i junica.<\/strong><\/p>\n","protected":false},"featured_media":279,"comment_status":"closed","ping_status":"closed","template":"","meta":[],"product_brand":[],"product_cat":[78,23,53,54,85],"product_tag":[],"class_list":{"0":"post-253","1":"product","2":"type-product","3":"status-publish","4":"has-post-thumbnail","6":"product_cat-bergophor","7":"product_cat-goveda","8":"product_cat-krave-muzare","9":"product_cat-premiksi","10":"product_cat-premiksi-goveda","12":"first","13":"instock","14":"shipping-taxable","15":"product-type-simple"},"yoast_head":"<!-- This site is optimized with the Yoast SEO plugin v27.5 - https:\/\/yoast.com\/product\/yoast-seo-wordpress\/ -->\n<title>KULMIN TMR Vital C017 - Bergo-Tim<\/title>\n<meta name=\"description\" content=\"Vitaminsko-mineralni premiks za mle\u010dne krave i junice. Zadovoljava sve osnovne potrebe \u017eivotinja sa potencijalom za visoku proizvodnju mleka.\" \/>\n<meta name=\"robots\" content=\"index, follow, max-snippet:-1, max-image-preview:large, max-video-preview:-1\" \/>\n<link rel=\"canonical\" href=\"https:\/\/bergo-tim.rs\/novisajt\/products\/kulmin-tmr-vital-c017\/\" \/>\n<meta property=\"og:locale\" content=\"sr_RS\" \/>\n<meta property=\"og:type\" content=\"article\" \/>\n<meta property=\"og:title\" content=\"KULMIN TMR Vital C017 - Bergo-Tim\" \/>\n<meta property=\"og:description\" content=\"Vitaminsko-mineralni premiks za mle\u010dne krave i junice. Zadovoljava sve osnovne potrebe \u017eivotinja sa potencijalom za visoku proizvodnju mleka.\" \/>\n<meta property=\"og:url\" content=\"https:\/\/bergo-tim.rs\/novisajt\/products\/kulmin-tmr-vital-c017\/\" \/>\n<meta property=\"og:site_name\" content=\"Bergo-Tim\" \/>\n<meta property=\"article:modified_time\" content=\"2024-11-08T20:26:41+00:00\" \/>\n<meta property=\"og:image\" content=\"https:\/\/bergo-tim.rs\/novisajt\/wp-content\/uploads\/2022\/03\/C017_KULMIN_TMR_Vital_website.png\" \/>\n\t<meta property=\"og:image:width\" content=\"729\" \/>\n\t<meta property=\"og:image:height\" content=\"725\" \/>\n\t<meta property=\"og:image:type\" content=\"image\/png\" \/>\n<meta name=\"twitter:card\" content=\"summary_large_image\" \/>\n<meta name=\"twitter:label1\" content=\"Procenjeno vreme \u010ditanja\" \/>\n\t<meta name=\"twitter:data1\" content=\"2 minuta\" \/>\n<script type=\"application\/ld+json\" class=\"yoast-schema-graph\">{\"@context\":\"https:\\\/\\\/schema.org\",\"@graph\":[{\"@type\":\"WebPage\",\"@id\":\"https:\\\/\\\/bergo-tim.rs\\\/novisajt\\\/products\\\/kulmin-tmr-vital-c017\\\/\",\"url\":\"https:\\\/\\\/bergo-tim.rs\\\/novisajt\\\/products\\\/kulmin-tmr-vital-c017\\\/\",\"name\":\"KULMIN TMR Vital C017 - Bergo-Tim\",\"isPartOf\":{\"@id\":\"https:\\\/\\\/bergo-tim.rs\\\/novisajt\\\/#website\"},\"primaryImageOfPage\":{\"@id\":\"https:\\\/\\\/bergo-tim.rs\\\/novisajt\\\/products\\\/kulmin-tmr-vital-c017\\\/#primaryimage\"},\"image\":{\"@id\":\"https:\\\/\\\/bergo-tim.rs\\\/novisajt\\\/products\\\/kulmin-tmr-vital-c017\\\/#primaryimage\"},\"thumbnailUrl\":\"https:\\\/\\\/bergo-tim.rs\\\/novisajt\\\/wp-content\\\/uploads\\\/2022\\\/03\\\/C017_KULMIN_TMR_Vital_website.png\",\"datePublished\":\"2022-03-12T21:50:04+00:00\",\"dateModified\":\"2024-11-08T20:26:41+00:00\",\"description\":\"Vitaminsko-mineralni premiks za mle\u010dne krave i junice. Zadovoljava sve osnovne potrebe \u017eivotinja sa potencijalom za visoku proizvodnju mleka.\",\"breadcrumb\":{\"@id\":\"https:\\\/\\\/bergo-tim.rs\\\/novisajt\\\/products\\\/kulmin-tmr-vital-c017\\\/#breadcrumb\"},\"inLanguage\":\"sr-RS\",\"potentialAction\":[{\"@type\":\"ReadAction\",\"target\":[\"https:\\\/\\\/bergo-tim.rs\\\/novisajt\\\/products\\\/kulmin-tmr-vital-c017\\\/\"]}]},{\"@type\":\"ImageObject\",\"inLanguage\":\"sr-RS\",\"@id\":\"https:\\\/\\\/bergo-tim.rs\\\/novisajt\\\/products\\\/kulmin-tmr-vital-c017\\\/#primaryimage\",\"url\":\"https:\\\/\\\/bergo-tim.rs\\\/novisajt\\\/wp-content\\\/uploads\\\/2022\\\/03\\\/C017_KULMIN_TMR_Vital_website.png\",\"contentUrl\":\"https:\\\/\\\/bergo-tim.rs\\\/novisajt\\\/wp-content\\\/uploads\\\/2022\\\/03\\\/C017_KULMIN_TMR_Vital_website.png\",\"width\":729,\"height\":725},{\"@type\":\"BreadcrumbList\",\"@id\":\"https:\\\/\\\/bergo-tim.rs\\\/novisajt\\\/products\\\/kulmin-tmr-vital-c017\\\/#breadcrumb\",\"itemListElement\":[{\"@type\":\"ListItem\",\"position\":1,\"name\":\"Home\",\"item\":\"https:\\\/\\\/bergo-tim.rs\\\/novisajt\\\/\"},{\"@type\":\"ListItem\",\"position\":2,\"name\":\"Proizvodi\",\"item\":\"https:\\\/\\\/bergo-tim.rs\\\/novisajt\\\/prodavnica\\\/\"},{\"@type\":\"ListItem\",\"position\":3,\"name\":\"KULMIN TMR Vital C017\"}]},{\"@type\":\"WebSite\",\"@id\":\"https:\\\/\\\/bergo-tim.rs\\\/novisajt\\\/#website\",\"url\":\"https:\\\/\\\/bergo-tim.rs\\\/novisajt\\\/\",\"name\":\"Bergo-Tim\",\"description\":\"Generalvertretung Bergophor\",\"potentialAction\":[{\"@type\":\"SearchAction\",\"target\":{\"@type\":\"EntryPoint\",\"urlTemplate\":\"https:\\\/\\\/bergo-tim.rs\\\/novisajt\\\/?s={search_term_string}\"},\"query-input\":{\"@type\":\"PropertyValueSpecification\",\"valueRequired\":true,\"valueName\":\"search_term_string\"}}],\"inLanguage\":\"sr-RS\"}]}<\/script>\n<!-- \/ Yoast SEO plugin. -->","yoast_head_json":{"title":"KULMIN TMR Vital C017 - Bergo-Tim","description":"Vitaminsko-mineralni premiks za mle\u010dne krave i junice. Zadovoljava sve osnovne potrebe \u017eivotinja sa potencijalom za visoku proizvodnju mleka.","robots":{"index":"index","follow":"follow","max-snippet":"max-snippet:-1","max-image-preview":"max-image-preview:large","max-video-preview":"max-video-preview:-1"},"canonical":"https:\/\/bergo-tim.rs\/novisajt\/products\/kulmin-tmr-vital-c017\/","og_locale":"sr_RS","og_type":"article","og_title":"KULMIN TMR Vital C017 - Bergo-Tim","og_description":"Vitaminsko-mineralni premiks za mle\u010dne krave i junice. Zadovoljava sve osnovne potrebe \u017eivotinja sa potencijalom za visoku proizvodnju mleka.","og_url":"https:\/\/bergo-tim.rs\/novisajt\/products\/kulmin-tmr-vital-c017\/","og_site_name":"Bergo-Tim","article_modified_time":"2024-11-08T20:26:41+00:00","og_image":[{"width":729,"height":725,"url":"https:\/\/bergo-tim.rs\/novisajt\/wp-content\/uploads\/2022\/03\/C017_KULMIN_TMR_Vital_website.png","type":"image\/png"}],"twitter_card":"summary_large_image","twitter_misc":{"Procenjeno vreme \u010ditanja":"2 minuta"},"schema":{"@context":"https:\/\/schema.org","@graph":[{"@type":"WebPage","@id":"https:\/\/bergo-tim.rs\/novisajt\/products\/kulmin-tmr-vital-c017\/","url":"https:\/\/bergo-tim.rs\/novisajt\/products\/kulmin-tmr-vital-c017\/","name":"KULMIN TMR Vital C017 - Bergo-Tim","isPartOf":{"@id":"https:\/\/bergo-tim.rs\/novisajt\/#website"},"primaryImageOfPage":{"@id":"https:\/\/bergo-tim.rs\/novisajt\/products\/kulmin-tmr-vital-c017\/#primaryimage"},"image":{"@id":"https:\/\/bergo-tim.rs\/novisajt\/products\/kulmin-tmr-vital-c017\/#primaryimage"},"thumbnailUrl":"https:\/\/bergo-tim.rs\/novisajt\/wp-content\/uploads\/2022\/03\/C017_KULMIN_TMR_Vital_website.png","datePublished":"2022-03-12T21:50:04+00:00","dateModified":"2024-11-08T20:26:41+00:00","description":"Vitaminsko-mineralni premiks za mle\u010dne krave i junice. Zadovoljava sve osnovne potrebe \u017eivotinja sa potencijalom za visoku proizvodnju mleka.","breadcrumb":{"@id":"https:\/\/bergo-tim.rs\/novisajt\/products\/kulmin-tmr-vital-c017\/#breadcrumb"},"inLanguage":"sr-RS","potentialAction":[{"@type":"ReadAction","target":["https:\/\/bergo-tim.rs\/novisajt\/products\/kulmin-tmr-vital-c017\/"]}]},{"@type":"ImageObject","inLanguage":"sr-RS","@id":"https:\/\/bergo-tim.rs\/novisajt\/products\/kulmin-tmr-vital-c017\/#primaryimage","url":"https:\/\/bergo-tim.rs\/novisajt\/wp-content\/uploads\/2022\/03\/C017_KULMIN_TMR_Vital_website.png","contentUrl":"https:\/\/bergo-tim.rs\/novisajt\/wp-content\/uploads\/2022\/03\/C017_KULMIN_TMR_Vital_website.png","width":729,"height":725},{"@type":"BreadcrumbList","@id":"https:\/\/bergo-tim.rs\/novisajt\/products\/kulmin-tmr-vital-c017\/#breadcrumb","itemListElement":[{"@type":"ListItem","position":1,"name":"Home","item":"https:\/\/bergo-tim.rs\/novisajt\/"},{"@type":"ListItem","position":2,"name":"Proizvodi","item":"https:\/\/bergo-tim.rs\/novisajt\/prodavnica\/"},{"@type":"ListItem","position":3,"name":"KULMIN TMR Vital C017"}]},{"@type":"WebSite","@id":"https:\/\/bergo-tim.rs\/novisajt\/#website","url":"https:\/\/bergo-tim.rs\/novisajt\/","name":"Bergo-Tim","description":"Generalvertretung Bergophor","potentialAction":[{"@type":"SearchAction","target":{"@type":"EntryPoint","urlTemplate":"https:\/\/bergo-tim.rs\/novisajt\/?s={search_term_string}"},"query-input":{"@type":"PropertyValueSpecification","valueRequired":true,"valueName":"search_term_string"}}],"inLanguage":"sr-RS"}]}},"_links":{"self":[{"href":"https:\/\/bergo-tim.rs\/novisajt\/wp-json\/wp\/v2\/product\/253","targetHints":{"allow":["GET"]}}],"collection":[{"href":"https:\/\/bergo-tim.rs\/novisajt\/wp-json\/wp\/v2\/product"}],"about":[{"href":"https:\/\/bergo-tim.rs\/novisajt\/wp-json\/wp\/v2\/types\/product"}],"replies":[{"embeddable":true,"href":"https:\/\/bergo-tim.rs\/novisajt\/wp-json\/wp\/v2\/comments?post=253"}],"wp:featuredmedia":[{"embeddable":true,"href":"https:\/\/bergo-tim.rs\/novisajt\/wp-json\/wp\/v2\/media\/279"}],"wp:attachment":[{"href":"https:\/\/bergo-tim.rs\/novisajt\/wp-json\/wp\/v2\/media?parent=253"}],"wp:term":[{"taxonomy":"product_brand","embeddable":true,"href":"https:\/\/bergo-tim.rs\/novisajt\/wp-json\/wp\/v2\/product_brand?post=253"},{"taxonomy":"product_cat","embeddable":true,"href":"https:\/\/bergo-tim.rs\/novisajt\/wp-json\/wp\/v2\/product_cat?post=253"},{"taxonomy":"product_tag","embeddable":true,"href":"https:\/\/bergo-tim.rs\/novisajt\/wp-json\/wp\/v2\/product_tag?post=253"}],"curies":[{"name":"wp","href":"https:\/\/api.w.org\/{rel}","templated":true}]}}